{"id":611,"date":"2018-06-03T14:31:12","date_gmt":"2018-06-03T14:31:12","guid":{"rendered":"http:\/\/www.mentodobozforg.hu\/?post_type=product&#038;p=611"},"modified":"2018-06-25T10:42:49","modified_gmt":"2018-06-25T10:42:49","slug":"c-tipusu-mentodoboz-aludobozos","status":"publish","type":"product","link":"http:\/\/www.mentodobozforg.hu\/en\/termek\/c-tipusu-mentodoboz-aludobozos\/","title":{"rendered":"C t\u00edpus\u00fa els\u0151seg\u00e9ly felszerel\u00e9s (alu doboz)"},"content":{"rendered":"<div id=\"dslc-theme-content\"><div id=\"dslc-theme-content-inner\"><\/div><\/div>","protected":false},"excerpt":{"rendered":"<p>A C ment\u0151l\u00e1da alkalmazhat\u00f3 az al\u00e1bbi j\u00e1rm\u0171vekben:<\/p>\n<ul>\n<li>Minden egy\u00e9b j\u00e1rm\u0171 eset\u00e9n, ahol a sz\u00e1ll\u00edthat\u00f3 szem\u00e9lyek sz\u00e1ma 10 vagy ann\u00e1l t\u00f6bb<\/li>\n<li>Minden egy\u00e9b j\u00e1rm\u0171 eset\u00e9n, ahol a g\u00e9pj\u00e1rm\u0171 s\u00falya meghaladja a 3,5 tonn\u00e1t.<\/li>\n<li>T\u0171zolt\u00f3 j\u00e1rm\u0171vek<\/li>\n<li>T\u00e1vols\u00e1gi buszok<\/li>\n<li>Vesz\u00e9lyes anyagot sz\u00e1ll\u00edt\u00f3 j\u00e1rm\u0171vek eset\u00e9ben.<\/li>\n<\/ul>\n<p>&nbsp;<\/p>\n<p>C t\u00edpus\u00fa els\u0151seg\u00e9ly felszerel\u00e9s tartalma:<\/p>\n<p><img loading=\"lazy\" class=\"alignleft size-full wp-image-649\" src=\"http:\/\/www.mentodobozforg.hu\/wp-content\/uploads\/2018\/06\/cdoboz.jpg\" alt=\"\" width=\"684\" height=\"451\" srcset=\"http:\/\/www.mentodobozforg.hu\/wp-content\/uploads\/2018\/06\/cdoboz.jpg 684w, http:\/\/www.mentodobozforg.hu\/wp-content\/uploads\/2018\/06\/cdoboz-300x198.jpg 300w, http:\/\/www.mentodobozforg.hu\/wp-content\/uploads\/2018\/06\/cdoboz-600x396.jpg 600w\" sizes=\"(max-width: 684px) 100vw, 684px\" \/><\/p>\n","protected":false},"featured_media":661,"template":"","meta":[],"_links":{"self":[{"href":"http:\/\/www.mentodobozforg.hu\/en\/wp-json\/wp\/v2\/product\/611"}],"collection":[{"href":"http:\/\/www.mentodobozforg.hu\/en\/wp-json\/wp\/v2\/product"}],"about":[{"href":"http:\/\/www.mentodobozforg.hu\/en\/wp-json\/wp\/v2\/types\/product"}],"wp:featuredmedia":[{"embeddable":true,"href":"http:\/\/www.mentodobozforg.hu\/en\/wp-json\/wp\/v2\/media\/661"}],"wp:attachment":[{"href":"http:\/\/www.mentodobozforg.hu\/en\/wp-json\/wp\/v2\/media?parent=611"}],"curies":[{"name":"wp","href":"https:\/\/api.w.org\/{rel}","templated":true}]}}

C típusú elsősegély felszerelés (alu doboz)

<p>A C mentőláda alkalmazható az alábbi járművekben:</p>
<ul>
<li>Minden egyéb jármű esetén, ahol a szállítható személyek száma 10 vagy annál több</li>
<li>Minden egyéb jármű esetén, ahol a gépjármű súlya meghaladja a 3,5 tonnát.</li>
<li>Tűzoltó járművek</li>
<li>Távolsági buszok</li>
<li>Veszélyes anyagot szállító járművek esetében.</li>
</ul>
<p>&nbsp;</p>
<p>C típusú elsősegély felszerelés tartalma:</p>
<p><img loading="lazy" class="alignleft size-full wp-image-649" src="http://www.mentodobozforg.hu/wp-content/uploads/2018/06/cdoboz.jpg" alt="" width="684" height="451" srcset="http://www.mentodobozforg.hu/wp-content/uploads/2018/06/cdoboz.jpg 684w, http://www.mentodobozforg.hu/wp-content/uploads/2018/06/cdoboz-300x198.jpg 300w, http://www.mentodobozforg.hu/wp-content/uploads/2018/06/cdoboz-600x396.jpg 600w" sizes="(max-width: 684px) 100vw, 684px" /></p>
